 a prime number?
False
Is 19277 composite?
True
Is 10007 composite?
False
Is 8923 composite?
False
Is 58511 a composite number?
False
Is 860261 a prime number?
False
Is 51929 a composite number?
False
Is 115247 a prime number?
False
Is 508633 prime?
False
Is 3979 a composite number?
True
Is 336695 a composite number?
True
Is 174203 a composite number?
True
Is 50599 a composite number?
False
Is 40343 prime?
True
Is 33161 a composite number?
False
Is 26099 prime?
True
Is 1186 composite?
True
Is 37679 a prime number?
False
Is 1931 a composite number?
False
Is 90469 a composite number?
False
Is 201791 composite?
False
Is 1119381 prime?
False
Is 42209 prime?
True
Is 4618 composite?
True
Is 263489 a prime number?
True
Is 4064393 composite?
False
Is 515819 a prime number?
False
Is 102667 composite?
False
Is 86039 composite?
True
Is 9355 a composite number?
True
Is 776047 prime?
True
Is 12813 prime?
False
Is 706345 prime?
False
Is 12311 prime?
False
Is 3598091 composite?
True
Is 180211 prime?
True
Is 2351 a composite number?
False
Is 29521 prime?
False
Is 348307 composite?
False
Is 6353 composite?
False
Is 792159 a prime number?
False
Is 42277 a composite number?
True
Is 56519 a prime number?
True
Is 18593 prime?
True
Is 146467 a composite number?
True
Is 5581 composite?
False
Is 12713 a composite number?
False
Is 1621519 a composite number?
False
Is 2036621 composite?
True
Is 9413 composite?
False
Is 194861 a prime number?
True
Is 494833 prime?
False
Is 160001 a prime number?
True
Is 101009 prime?
True
Is 27827 a prime number?
True
Is 294439 prime?
True
Is 3961 composite?
True
Is 2402495 prime?
False
Is 207489 prime?
False
Is 17237 prime?
False
Is 133153 a prime number?
True
Is 81401 a prime number?
True
Is 11369 composite?
False
Is 753 a composite number?
True
Is 238417 a composite number?
False
Is 268453 a composite number?
True
Is 51857 composite?
True
Is 3001649 a prime number?
False
Is 176533 prime?
False
Is 3923723 prime?
True
Is 541 a prime number?
True
Is 5570689 a prime number?
False
Is 63953 composite?
True
Is 554959 composite?
False
Is 64361 prime?
False
Is 43423 a prime number?
False
Is 557423 prime?
True
Is 38373 composite?
True
Is 3629 prime?
False
Is 29101 a prime number?
True
Is 108499 a prime number?
True
Is 1404677 a prime number?
False
Is 143939 a prime number?
False
Is 1429903 prime?
False
Is 1543 prime?
True
Is 7817 composite?
False
Is 1159027 prime?
True
Is 30631 prime?
True
Is 119027 prime?
True
Is 22469 composite?
False
Is 45161 a prime number?
True
Is 97367 prime?
True
Is 91027 prime?
False
Is 23279 prime?
True
Is 38501 prime?
True
Is 246391 prime?
True
Is 64451 a prime number?
True
Is 12929 prime?
False
Is 169 a composite number?
True
Is 258959 prime?
True
Is 2999 a composite number?
False
Is 90947 a composite number?
False
Is 385019 a composite number?
True
Is 14401 a composite number?
False
Is 14493 a composite number?
True
Is 1295357 a prime number?
False
Is 1754 a prime number?
False
Is 16871 a composite number?
False
Is 6619 a composite number?
False
Is 348523 composite?
True
Is 216317 prime?
True
Is 1321247 composite?
False
Is 593071 a composite number?
False
Is 26281 composite?
True
Is 4821 composite?
True
Is 393893 prime?
False
Is 2777 prime?
True
Is 40954 composite?
True
Is 138419 a prime number?
False
Is 136195 prime?
False
Is 1836903 composite?
True
Is 725377 prime?
False
Is 5779 composite?
False
Is 2923 a prime number?
False
Is 3337 composite?
True
Is 2161 composite?
False
Is 5793431 composite?
True
Is 1073 a prime number?
False
Is 28261 a composite number?
True
Is 19913 a composite number?
False
Is 613 a prime number?
True
Is 82157 prime?
False
Is 425417 a prime number?
True
Is 2767 a composite number?
False
Is 31567 prime?
True
Is 16323 a composite number?
True
Is 23093 a composite number?
True
Is 15661 composite?
False
Is 7717 composite?
False
Is 1216993 composite?
True
Is 25835 a prime number?
False
Is 79 prime?
True
Is 47777 a composite number?
False
Is 169987 composite?
False
Is 473945 a prime number?
False
Is 23249 a prime number?
False
Is 131791 composite?
True
Is 41039 a composite number?
False
Is 377359 a composite number?
True
Is 69467 a prime number?
True
Is 61117 prime?
False
Is 105113 prime?
False
Is 307481 a composite number?
False
Is 2082569 composite?
False
Is 1911079 a prime number?
True
Is 2429 a prime number?
False
Is 394787 composite?
False
Is 206177 prime?
True
Is 11873 a prime number?
False
Is 3802 prime?
False
Is 400627 composite?
True
Is 38099 a prime number?
False
Is 42611 a composite number?
False
Is 40121 composite?
True
Is 16207 a composite number?
True
Is 167747 composite?
False
Is 1055342 composite?
True
Is 4406 a prime number?
False
Is 25001 a prime number?
False
Is 1237973 prime?
False
Is 61027 prime?
True
Is 47714 a prime number?
False
Is 41051 a composite number?
False
Is 2287 prime?
True
Is 40961 prime?
True
Is 8191 composite?
False
Is 6007 a prime number?
True
Is 103387 prime?
True
Is 6803 prime?
True
Is 6913 a composite number?
True
Is 11099 a prime number?
False
Is 9115 composite?
True
Is 2761 a prime number?
False
Is 83857 a prime number?
True
Is 35759 prime?
True
Is 513811 composite?
True
Is 188629 a prime number?
False
Is 485917 a prime number?
False
Is 883 a composite number?
False
Is 2305 a composite number?
True
Is 18301 composite?
False
Is 16871 prime?
True
Is 1330897 a prime number?
False
Is 26153 prime?
True
Is 489 a composite number?
True
Is 735689 a prime number?
True
Is 5613 a composite number?
True
Is 64643 prime?
False
Is 625763 prime?
True
Is 11714 prime?
False
Is 56807 a prime number?
True
Is 75863 prime?
False
Is 2521 a composite number?
False
Is 730669 prime?
True
Is 29903 a prime number?
False
Is 44329 prime?
False
Is 3601 composite?
True
Is 2122303 prime?
True
Is 177739 composite?
False
Is 15601 a composite number?
False
Is 18805 composite?
True
Is 2361823 prime?
True
Is 90221 a composite number?
True
Is 14471 a composite number?
True
Is 8689 a prime number?
True
Is 3163 a composite number?
False
Is 30145 prime?
False
Is 2050609 a prime number?
False
Is 5471 prime?
True
Is 26443 prime?
False
Is 2903 prime?
True
Is 17893 a composite number?
True
Is 45367 composite?
True
Is 543 a prime number?
False
Is 10418 composite?
True
Is 17827 composite?
False
Is 2563 composite?
True
Is 32603 a prime number?
True
Is 8741 a prime number?
True
Is 2321 composite?
True
Is 55907 prime?
False
Is 754441 a prime number?
False
Is 17657 composite?
False
Is 11213 a composite number?
False
Is 982211 a composite number?
False
Is 206503 composite?
True
Is 69539 composite?
False
Is 79687 composite?
False
Is 1657 a prime number?
True
Is 13571 prime?
False
Is 46679 prime?
True
Is 26083 composite?
False
Is 8501 a composite number?
False
Is 22247 a composite number?
False
Is 10597 composite?
False
Is 256961 composite?
True
Is 246731 prime?
True
Is 83267 a composite number?
False
Is 1183661 composite?
True
Is 700561 composite?
False
Is 101197 a composite number?
False
Is 52249 composite?
False
Is 56621 composite?
True
Is 1334167 a prime number?
False
Is 36647 composite?
True
Is 545789 a prime number?
True
Is 36217 composite?
False
Is 19438 a prime number?
False
Is 2047 prime?
False
Is 937 a prime number?
True
Is 878377 a composite number?
False
Is 508589 composite?
True
Is 243649 a prime number?
False
Is 214899 a composite number?
True
Is 34421 prime?
True
Is 105209 a prime number?
False
Is 49523 prime?
True
Is 124198 composite?
True
Is 2417891 prime?
False
Is 34811 a composite number?
True
Is 102043 composite?
False
Is 333479 prime?
True
Is 73417 prime?
True
Is 87167 a composite number?
True
Is 459643 prime?
False
Is 119311 a prime number?
True
Is 2383 a prime number?
True
Is 229721 a prime number?
False
Is 88337 a composite number?
False
Is 25079 prime?
False
Is 175039 prime?
True
Is 4373 prime?
True
Is 5971 composite?
True
Is 48907 prime?
True
Is 65921 prime?
True
Is 5017 prime?
False
Is 8719 prime?
True
Is 918371 prime?
True
Is 32321 prime?
True
Is 61127 a composite number?
True
Is 192461 a prime number?
True
Is 32059 prime?
True
Is 5507 a composite number?
False
Is 1126031 a prime number?
True
Is 4481 prime?
True
Is 214633 a composite number?
True
Is 67391 prime?
True
Is 199447